 common factor of 2437005 and 4255.
185
What is the greatest common factor of 133425 and 167175?
225
What is the greatest common factor of 120377 and 5451713?
1241
Calculate the highest common factor of 334 and 1259347.
167
Calculate the highest common factor of 1288 and 43648940.
92
Calculate the greatest common divisor of 49912 and 21247832.
2936
What is the highest common divisor of 4370 and 173662926?
874
Calculate the greatest common factor of 21865861 and 314.
157
What is the highest common factor of 10 and 1354960?
10
What is the highest common factor of 26 and 21895367?
13
What is the greatest common divisor of 38900 and 702534?
778
What is the highest common factor of 25571250 and 1350?
450
What is the greatest common factor of 54932804 and 583?
53
Calculate the highest common divisor of 23186296 and 203176.
1864
What is the highest common divisor of 194199 and 44061?
57
What is the highest common factor of 133 and 110509?
7
Calculate the greatest common factor of 2083143 and 417.
3
What is the greatest common factor of 127872 and 34368?
192
Calculate the highest common factor of 15847546 and 13.
13
Calculate the greatest common factor of 7869 and 20682355.
2623
Calculate the greatest common divisor of 3093 and 65801513.
1031
What is the highest common divisor of 519 and 167284599?
519
Calculate the greatest common factor of 5310 and 614308.
118
Calculate the greatest common divisor of 976960 and 2064.
688
What is the greatest common divisor of 84992 and 16384?
1024
Calculate the highest common factor of 52554 and 420318.
114
Calculate the highest common factor of 2509157 and 298767.
2429
Calculate the highest common divisor of 84 and 2037084.
84
Calculate the greatest common divisor of 760 and 1954621960.
760
Calculate the greatest common divisor of 739402 and 81656.
346
Calculate the highest common factor of 2014290 and 24210.
90
Calculate the highest common divisor of 7903368 and 2376.
792
What is the highest common factor of 1704703 and 262?
131
Calculate the highest common divisor of 403 and 1975196.
31
What is the highest common divisor of 15158 and 5885438?
1378
What is the greatest common factor of 114 and 20644608?
6
What is the highest common divisor of 4026550 and 40?
10
Calculate the highest common divisor of 4867 and 208041.
31
What is the highest common divisor of 1368640642 and 38?
38
Calculate the greatest common factor of 36 and 20928768.
12
Calculate the highest common factor of 196426701 and 1134.
81
Calculate the greatest common factor of 23966 and 839331.
521
What is the highest common factor of 4952520 and 135?
45
Calculate the highest common factor of 6000 and 312693.
3
What is the highest common factor of 988362 and 3186?
54
Calculate the greatest common divisor of 52598 and 3566498.
442
What is the highest common divisor of 493829 and 46373?
79
Calculate the greatest common factor of 384 and 2542224.
48
Calculate the greatest common factor of 8 and 1091796.
4
What is the greatest common factor of 149240 and 133420?
140
Calculate the greatest common divisor of 114469 and 706061.
1013
What is the greatest common divisor of 204644888 and 31?
31
What is the highest common divisor of 480 and 25158560?
160
Calculate the highest common divisor of 3547659 and 11755.
2351
What is the highest common factor of 5358 and 1922448614?
1786
What is the highest common factor of 26809 and 880311?
17
Calculate the highest common factor of 497620 and 1387220.
2780
Calculate the greatest common factor of 56166 and 5451.
69
What is the greatest common factor of 117902953 and 4564?
1141
What is the highest common factor of 24547 and 2?
1
What is the highest common factor of 360200 and 178760?
40
Calculate the greatest common factor of 3104311640 and 17840.
8920
What is the highest common divisor of 145727 and 76411?
43
What is the greatest common divisor of 289464 and 141624?
168
Calculate the greatest common factor of 9353 and 2511022.
47
Calculate the highest common factor of 381740 and 240.
20
Calculate the greatest common divisor of 40 and 6407155.
5
Calculate the highest common factor of 948 and 714091744.
316
Calculate the highest common divisor of 2370009 and 6.
3
Calculate the highest common factor of 35032452 and 123741.
13749
Calculate the highest common factor of 115162 and 29032989.
811
Calculate the highest common factor of 1701662 and 3422.
58
What is the greatest common factor of 66 and 8194206?
6
Calculate the greatest common factor of 211599780 and 1540.
140
Calculate the highest common divisor of 856 and 79858808.
856
Calculate the greatest common divisor of 99 and 36176184.
99
Calculate the highest common divisor of 47204332 and 8.
4
Calculate the highest common factor of 238030 and 59410.
130
What is the greatest common factor of 376 and 20994618?
94
Calculate the highest common divisor of 19743230 and 208.
26
What is the highest common factor of 8191634 and 91080?
506
Calculate the greatest common factor of 4119 and 406258343.
1373
Calculate the highest common divisor of 9776 and 2777606.
1222
Calculate the greatest common divisor of 399 and 8047716.
57
What is the highest common factor of 5722902 and 236622?
2094
Calculate the highest common factor of 33200592 and 29.
29
Calculate the highest common factor of 2419 and 30898005.
59
What is the greatest common factor of 621 and 310896819?
621
Calculate the greatest common factor of 31833 and 27641.
131
Calculate the greatest common factor of 13430816 and 24038.
238
Calculate the highest common divisor of 22680 and 3340680.
840
What is the greatest common factor of 1141862 and 1064?
38
What is the highest common divisor of 410 and 113767128?
82
Calculate the highest common factor of 80744592 and 3.
3
Calculate the highest common divisor of 1763778 and 1.
1
What is the highest common factor of 24061473 and 414?
207
Calculate the highest common factor of 19651 and 28423.
43
What is the highest common divisor of 8089744 and 20176?
208
Calculate the highest common divisor of 4050 and 422662050.
4050
What is the highest common divisor of 951 and 7315409?
317
Calculate the greatest common divisor of 2895 and 368051.
193
Calculate the highest common divisor of 6702434 and 164.
82
Calculate the greatest common factor of 1350 and 575800.
50
What is the highest common factor of 65853 and 1342575?
243
What is the greatest common divisor of 150 and 16301325?
75
What is the greatest common divisor of 17790714 and 2250?
18
What is the greatest common factor of 12 and 1215320?
4
What is the greatest common divisor of 125 and 120380350?
25
What is the highest common factor of 12388051 and 8?
1
What is the greatest common divisor of 244343488 and 4604?
4604
Calculate the greatest common divisor of 259168 and 9219392.
2912
Calculate the greatest common factor of 2349 and 39197850.
87
Calculate the highest common divisor of 186498 and 24154.
26
Calculate the highest common divisor of 1208 and 114454376.
1208
What is the highest common factor of 2309644 and 316?
316
What is the highest common divisor of 4225390 and 1040?
130
Calculate the highest common factor of 625410 and 12510.
90
What is the greatest common divisor of 7306 and 48513245?
281
What is the greatest common divisor of 13614216 and 16377?
159
Calculate the greatest common divisor of 1941748411 and 4201.
4201
Calculate the greatest common factor of 261 and 60931233.
261
What is the greatest common factor of 2960 and 13169040?
2960
Calculate the greatest common factor of 128094096 and 143376.
4944
What is the highest common factor of 508931758 and 25016?
6254
What is the greatest common factor of 16 and 4637336?
8
What is the greatest common factor of 5525 and 85147475?
425
Calculate the highest common divisor of 128724 and 8364.
204
What is the greatest common divisor of 1805976 and 486?
486
What is the highest common divisor of 344264 and 2231?
23
What is the highest common divisor of 6373809 and 927?
9
Calculate the greatest common divisor of 57662883 and 106672.
6667
What is the highest common factor of 42 and 3329956?
14
Calculate the greatest common factor of 18 and 4799322.
18
Calculate the highest common factor of 133323 and 263568.
57
What is the greatest common divisor of 158 and 78833231?
79
Calculate the 